7).
14
Calculate (-4 - -49) + 16 + -6 + -2 + -19.
34
10 + (-47 - (5 - -12 - 33))
-21
Evaluate 112 + -87 - (2 - (-2 - -4)).
25
Calculate 10 + -7 - 16 - 1 - -8.
-6
What is 9 + (7 - 15) + (-4 - -5)?
2
Calculate (-17 - (33 - 37)) + (-5 - 4).
-22
Calculate (13 - 15) + -22 + 4 + -5 + -6.
-31
-2 - (64 + -34 - 16)
-16
What is the value of (-4 + 2 - -14) + (1175 - 1159)?
28
Evaluate (-65 - -63) + -1 + -14 - (-2 - 2).
-13
What is -2 + -6 - (7 + -2 - (2 + -16))?
-27
Calculate 7 + -6 + -11 + 3 + 11.
4
Calculate (-29 - -12) + -10 + 55.
28
What is the value of -484 - -459 - (9 - 2)?
-32
What is 14 + (1 + -1 - -6) + 7?
27
Evaluate 11 - (6 + (4 - 10)).
11
What is the value of (-7 - -2) + 4 + 1 - (-157 + 157)?
0
6 - 29 - -5 - (82 - 69)
-31
Evaluate 3 + 6 - ((-30 - -30) + (2 - 3)).
10
5 - (-1 - (-12 + 2))
-4
What is the value of (4 + 5 - -5) + -18?
-4
What is the value of -4 - (6 - (-8 - -1) - 1)?
-16
(-4 - (7 - (-1 + -7 + 17))) + 6
4
(4 - -14) + 104 + -125
-3
What is the value of (-17 + -34 - -8) + 28?
-15
(9 - -3) + 7 + -3 + -11
5
Calculate (2 - 6 - (-1 + 9)) + 2 + 5.
-5
Evaluate 67 + -54 + -10 + 2.
5
What is the value of -2 - (12 + -3 - (-11 - -9 - -3))?
-10
Calculate -15 - (-2 + -22 + 26).
-17
116 + -110 + (-9 + -4 - 0)
-7
What is 1 + (-6 - (-3 + 2)) + (-23 - -21)?
-6
Evaluate 9 + -4 + 22 + -12.
15
What is (14 - (33 + -18)) + -16?
-17
Evaluate 1 + (-55 + 71 - (2 - -42)).
-27
Evaluate -22 + -106 + 110 + -5 + (-5 - -1).
-27
What is the value of 1 + -8 - (26 + (-1 - (5 - -13)))?
-14
Evaluate -4 - (0 + -10) - -15 - 8.
13
What is -3 + (3 + 9 - (10 + -8))?
7
Evaluate -17 + (6 - (-7 + -10)).
6
Evaluate 0 + (-1 - (-9 + 10)) - (17 + -2).
-17
Calculate -2 - (-3 + (10 + -10 - 5)) - 18.
-12
What is 5 + -6 + -4 + -5 + -2 + 5?
-7
Calculate (3 - -7) + (2 - (5 + 2)).
5
What is the value of 6 + -6 + 1 + -2 + 0 + -6?
-7
Evaluate (45 - 53) + 19 + -1.
10
What is -5 - (-9 - -3 - (-1 + -1)) - -10?
9
Calculate 10 - (29 + 1 - 24 - (0 + -1)).
3
Calculate (-6 - -11) + 0 - -9 - (7 + 0).
7
Evaluate 14 + -27 + 20 + -6.
1
What is (10 - (17 + 0 + -7 + 1)) + 22?
21
What is -5 - (-10 + -7 + -3)?
15
What is the value of -4 + (1 - -3) + (5 - (5 + 3))?
-3
Calculate (-9 - -26) + (-13 - -14) - 53.
-35
What is 0 - -6 - (179 + -189)?
16
What is (-2 + 19 - 3) + 33 + -37?
10
What is (4 - 26) + 23 + 1 + 9?
11
What is the value of (-2 - 28) + 3 + (-36 + 21 - -25)?
-17
Calculate (8 - (-5 - -12)) + -2 + -8.
-9
What is the value of (-2 - 5) + -1 + (-18 - (-6 - 12))?
-8
What is the value of 0 + (-9 - -3 - (8 - 15)) - 4?
-3
What is 12 + -5 + (5 - (1 + -8))?
19
Calculate 2 + (-1 - (7 + -12 - (0 - 3))).
3
What is (4 - 13 - -5) + 4 + (2 - 4)?
-2
-6271 + 6266 + (18 + (-2 - -4) - -1)
16
What is the value of -7 + 7 + -17 + 9?
-8
Evaluate -10 + 7 + 10 + (-7 - 14).
-14
Evaluate 10 + (42 - 50) - ((2 - 3) + 5).
-2
What is the value of (1 - 10) + -3 + 10 + (-24 - -12)?
-14
Calculate -34 + (18 - (30 + -22)).
-24
What is the value of (7 - 14) + -11 + -5 + 9?
-14
-31 + (38 - (-41 + 23))
25
(-1 - 2) + (-9 - (-13 - -1)) + 13
13
Calculate (13 - -5) + -5 + (3 - 5).
11
Calculate (-11 - (4 + -9)) + 7 + -5.
-4
Calculate (-29 - -20) + 4 + 4 + 0.
-1
What is 1 - (7 + -2) - (1584 - 1588)?
0
What is the value of -20 + 8 - (-13 - -7)?
-6
What is the value of -33 + 9 + 22 + -29?
-31
Calculate -58 - (-40 + 0) - -35.
17
Evaluate (28 - (-4 - (15 + -1))) + -13.
33
0 + 11 + (-4 - 36 - -31)
2
6 - (-4 + (-3 - -38))
-25
Evaluate -6 - (-20 + 16) - -11.
9
What is -17 - (-12 - 0 - (0 + (-47 - -27)))?
-25
What is 1 - 3 - (-54 + 61)?
-9
What is the value of 251 + -254 + (8 - (-1 - -2)) - -8?
12
(-16 - -16) + (-1 - 2 - (0 - -3))
-6
Evaluate (14 - 7 - 11) + 9.
5
Evaluate 207 + -200 - (-2 - (-8 - -1 - -2)).
4
Evaluate 14 - (6 + -4 + -3 + 8).
7
What is the value of 2 + 3 + 17 + 4 + -11 + -2?
13
Evaluate 4 - (4 - -19 - (-86 + 78)).
-27
What is (-29 - (13 - 37)) + 1 + -1?
-5
What is (11 - -5) + -1 + -12?
3
What is the value of 7 - (-4 - (4 - 0))?
15
-18 + (25 - 10) - (-3 + 1)
-1
Evaluate 4 - ((-2 - -3) + (-7 - (-1 - 0))).
9
Calculate -8 + 15 + 11 + -6.
12
Calculate (-8 - (3 + -7 + -7)) + 7.
10
-32 - (-117 + 65) - (1 + 12)
7
What is the value of (4 - 6) + (-27 - -10) + 4?
-15
Calculate -55 + 41 - (3 + -32).
15
What is -15 - (6 + -2 + 6 + -3)?
-22
What is the value of 1 - 8 - (-21 + (-12 - -32))?
-6
-2 + (8 - (21 + -10)) + 8
3
What is -13 + -9 + (3 - -25) - (18 + 1)?
-13
What is the value of 2 + 0 + (2 - -1 - (-18 + 11))?
12
Calculate (11 - -4) + (-27 - -10) + 11.
9
Calculate -8 - (-5 - -10 - 2).
-11
-10 + (-7 - (0 + (-22 - -7)))
-2
-17 + 10 + 11 - -13
17
-7 + -10 + 60 + -26
17
-1 + -4 - -7 - (2 + 7) - 6
-13
What is the value of (-8 - -13) + (-3 - 10) + (-35 - -31)?
-12
(5 - (8 + -3)) + 2 - (46 + -51)
7
What is the value of -17 + 51 + -29 + -4 - (1 + 3)?
-3
What is the value of 8 - (-16 - ((-17 - -10 - 7) + 12))?
22
Calculate (1 - 7) + (-6 - -12 - 0).
0
Calculate (-4 - -23) + -63 + 50.
6
0 - (-7 + 16 + -8) - -2
1
Calculate -1 - (16 + -9 - 17).
9
What is the value of -9 - (4 + -7 + 9 + -12)?
-3
What is the value of -12 - (20 + -11 - 23)?
2
What is -2 + 31 + -4 - 16?
9
What is the value of 35 + -7 + -11 + (-9 - -19)?
27
What is ((-4 - 2) + -1 - 0) + 11 + -10?
-6
-17 + (21 - (-17 - -28))
-7
Calculate -4 - (-16 + 5) - ((-4 - -18) + -6).
-1
(4 - 9) + 5 - 1 - 3 - -13
9
10 + (-1 - 3 - (97 + -89))
-2
(-5 + -6 - -12 - (2 + -1)) + -4
-4
22 + -4 + (-59 - -23)
-18
What is the value of 2 - ((6 - 1) + -10) - 2 - 10?
-5
Calculate (3 - 8) + -7 + -1.
-13
What is the value of (3 - 42) + (41 - (33 - -3))?
-34
20 - (15 + 16 + -7)
-4
Calculate -260 + 264 - (0 - -18).
-14
What is 18 - 13 - (8 - 3)?
0
What is (-10 - (-12 - -12)) + 15 + 4?
9
6 - 19 - ((26 - 13) + -20)
-6
-1 + 1 - ((12 - 18) + 8)
-2
What is the value of (-4 + 0 + (12 - 0) - 4) + 31?
35
What is the value of (-13 - (12 + -53 + 10)) + -1?
17
(7 - 9) + 0 + 8 + 5 - 6
5
What is 3 + -4 + 15 + (-2 - -3) + -5?
10
2 + (-15 - (-13 - -9))
-9
What is the value of 4 - (9 + (-14 - -16))?
-7
-12 + 1 - (10 - 17 - 1)
-3
Evaluate (-14 + 1 - 0) + (36 - (-41 + 72)).
-8
Evaluate (13 - (26 - 1)) + 6.
-6
(18 - 12) + (12 - 0 - 22)
-4
-2 + 5 + -22 + 0
-19
Calculate -23 + 40 + (-22 - -16).
11
1 + -10 + 5 + 0 + 5 - 13
-12
What is the value of 15 + -3 + 14 + (-17 - 5)?
4
What is 17 + (10 - 36 - -11)?
2
0 + (-1 - 4) - (5 + 9)
-19
Evaluate 1 - 8 - (-15 - (-8 + 22 + -25)).
-3
What is 8 + -7 + -9 - -11?
3
What is -24 - (-16 - (-1 - -8) - -7)?
-8
Calculate 6 + 0 + -16 - (-16 - -8).
-2
(-26 - -17) + 13 + 2 + -3
3
Calculate 2 + 2 - (-1 + 19) - -15.
1
Calculate -22 + 15 - -15 - 22.
-14
Calculate (-30 - -35 - 3) + -7 + 1.
-4
Calculate 9 + -1 + (-61 - -75 - (24 - 2)).
0
Evaluate (23 - (0 + 19)) + -22.
-18
What is (-13 - (-15 + 3)) + 1 + -9?
-9
Evaluate -1 - 41 - (-25 - (31 - 53)).
-39
Evaluate 6 - (-6 - -2 - -18).
-8
What is the value of (1 - 0) + -14 - (108 - 109) - 8?
-20
What is the value of 12 - ((7 - 3) + -37 + 35)?
10
Calculate -2 - (-17 + (9 - 4) + -3).
13
Evaluate (-1 - (2 - 15)) + 1 + -12.
1
Calculate (-21 - -2) + (9 - ((14 - 2) + -3)).
-19
Calculate (-100 - -50) + -30 + 41.
-39
What is -8 + (-4 - -11) + (-14 - (-12 - -3))?
-6
27 - ((-43 - -17) + 40)
13
What is -1 + 12 + -52 + 33?
-8
Evaluate (2 - 25) + (-119 - -147).
5
What is -16 + (-11 - -9 - 8) + 17?
-9
(239 - 237) + -2 + -12
-12
-4 - (15 - (-1 - -8) - -7 - 6)
-13
(-2 - (-18 - -6)) + -4 + 10
16
Evaluate -3 + -10 - -10 - (12 - -18).
-33
Calculate -8 + (26 - (12 + 6)).
0
What is the value of 0 + 4 + (15 - (24 + 0))?
-5
Evaluate -6 + (13 - -2) + -5 + -1 + 11.
14
Calculate 17 + 5 + -26 + -6.
-10
What is 5 + -1 - (-3 + -1 + 6) - 3?
-1
What is the value of 5 + (12 - (7 + 10)) + 18 + 5?
23
Evaluate 184 + -162 - (7 + (1 - 3)).
17
Evaluate 4 + (79 + -61 - (3 + -2)).
21
What is the value of -13 + -18 + 13 + 8 + -11?
-21
What is 0 + (27 - 33) - 14?
-20
20 - ((-20 - 9) + 70)
-21
(-7 + 7 - -9 - -1) + -36
-26
What is (-17 - 7) + (5 - (-12 - -4))?
-11
What is the value of (27 + -14 + -1 - 18) + -6?
-12
Evaluate -2 - -16 - (-122 + 146).
-10
What is the value of (3 - -1) + (16 - (-22 - -39))?
3
Calculate 3 + (10 - (-3 + 6)) + -13.
-3
What is the value of 16 + (-1 - 0) + (4 - (74 - 65))?
10
Calculate -5 + (-2 - -11) + -8 + -2.
-6
What is (-6 - -1) + 81 + -91?
-15
-10 + 1 + (38 - 39)
-10
-23 + (17 - 